derivative of -x**4/4 - 5*x**3/3 + 7*x**2/2 - x + 14. What is c(-6)?
-7
Let u(l) = 2*l**2 - 2*l - 4. Suppose -2*v + 10 = 4. What is u(v)?
8
Suppose -3 = -q + 4*g, -q + 3*g - 3 + 5 = 0. Let c be 4/(q/(4 + -3)). Let x(h) = -2 - 6*h**2 - h**3 + h - 8*h + h. Give x(c).
-10
Let s = 44/13 + -647/195. Let k(q) be the third derivative of -s*q**5 + 1/6*q**3 + 0 + q**2 + 0*q - 1/24*q**4. Give k(1).
-4
Let s be 2/(-3) + (-22)/(-6). Suppose 2*t - t + 3*h = 14, s*t - 5*h + 14 = 0. Let l(v) = t*v + 0 - 1 + 5. Give l(-3).
-2
Let k(y) be the third derivative of y**2 + 0*y - 7/24*y**4 + 1/2*y**3 + 1/120*y**5 + 0. Let c(o) be the first derivative of k(o). What is c(5)?
-2
Suppose -v + 4*v = 0. Suppose -3*i + 4*w + 6 + 14 = v, -2*i = 3*w - 2. Let o(b) = -b**3 + 3*b**2 + 2*b + 5. Calculate o(i).
-3
Suppose -2*u = 4*y - 8, -u - u - 5*y = -10. Let m(z) = z**3 - z**2 - z + 2. What is m(u)?
2
Let l(t) = -4*t**3 - 2*t**2 - 2*t + 6. Let f(d) = -d**3 + d**2 + 1. Let h(n) = 3*f(n) - l(n). Calculate h(-3).
9
Suppose 2*a + a - 6 = 0. Let j(x) = 1 - x**2 + x**2 - 2*x + x**2. Let z be j(a). Let b(g) = 4*g**2 - 2*g + 1. Determine b(z).
3
Let a = -62 + 58. Let w(q) = -q + 3. Calculate w(a).
7
Let c = -9 + 15. Suppose -2*t = t - c. Let q(h) = 0*h - 1 + 2*h + h**2 - h**3 + h. Determine q(t).
1
Let w(i) be the third derivative of -i**9/8640 + i**8/10080 - i**7/2520 + i**6/720 + i**5/20 + 3*i**2. Let b(z) be the third derivative of w(z). Determine b(1).
-6
Let q(r) be the third derivative of 0*r - r**3 + 1/12*r**4 - r**2 + 0. Let a = 23 - 19. What is q(a)?
2
Let y(v) = -v**2 + 7*v - 3. Let t(a) = -a + 9. Let f be t(4). Suppose -32 = -f*p - 12. Suppose 3*u + 4*d - 2 + 1 = 0, 0 = -u - p*d - 5. What is y(u)?
9
Let w(s) = -s**2 + s + 1. Let z(q) = 4*q**2 - 3*q + 11. Let m(o) = 3*w(o) + z(o). Determine m(0).
14
Let p(k) be the second derivative of -k**3/6 - 2*k**2 + 2*k. Let o = 12 - 8. Suppose 4 + 8 = -o*b. Determine p(b).
-1
Let i = 8 - 3. Let u(d) = d - 2*d - i*d**2 - 5 + 5 - d**3. What is u(-5)?
5
Let y(c) = -2 - 6 + 5 + 3*c - 3. Calculate y(5).
9
Let o be (-3)/(-9) + 16/(-12)*1. Let a(l) = -14*l**2 - l. Determine a(o).
-13
Suppose 0 = 2*w - 4*n - 4, -2*n - 3 = -4*w - 1. Suppose p = -w*p - 2. Let f(i) be the first derivative of -i**4/4 + i**3/3 + i**2/2 - i - 2. Determine f(p).
9
Let x(r) be the second derivative of r**3/6 + 2*r**2 + r. Let k be x(-2). Let a(t) = -t**2 - 2*t + 3. Determine a(k).
-5
Let u(g) be the third derivative of g**6/360 - g**5/40 + 5*g**4/24 - 2*g**3/3 - 4*g**2. Let x(o) be the first derivative of u(o). Calculate x(4).
9
Let j be 4/32*4*-6*-3. Let f(h) = -h**3 + 9*h**2 + 2*h - 5. What is f(j)?
13
Let t(f) be the second derivative of f**5/20 + f**4/3 + f**3/6 - f**2 + 4*f. Give t(-3).
4
Let c = -5 - -7. Let d(z) = 1 + 12*z**c - 4*z**2 - z**3 - 3*z**2 - z**2 + 2*z. What is d(5)?
-14
Let d(c) be the third derivative of c**6/120 - c**5/20 - c**4/6 - 2*c**3/3 + 7*c**2. What is d(4)?
-4
Suppose -7 - 4 = 3*q - 5*i, 3*q - 3*i = -3. Let r be 1 + 1 + -2*1. Let h(b) = 4*b**2 - b**3 - 2*b + b + r*b**3 + 1. Give h(q).
7
Let v(l) = -13*l**3 - 15*l**2 + 15*l. Let k(g) = 7*g**3 + 8*g**2 - 8*g. Let c(r) = 11*k(r) + 6*v(r). Determine c(-3).
3
Suppose -2*s - 2*s + 4 = 0. Let b(n) = -4*n - s + n**2 - 2*n + 3*n. Determine b(4).
3
Let q(w) be the third derivative of w**5/60 - w**4/24 + w**3/3 + 9*w**2. Determine q(2).
4
Suppose -3*g + 8 = 29. Let s(q) = 8*q + 10. Let r(x) = 5*x + 7. Let w(f) = g*r(f) + 5*s(f). Determine w(1).
6
Let z be 5 + -3 + 0/(-2). Suppose 0 = z*u + 3 + 3. Let s be 1*2 - (5 + u). Let d(b) = -b**2 + 4. Determine d(s).
4
Let x(f) = -f**2 - 3*f + 4. Let z be x(-4). Suppose -5*r - 3*h + 29 = z, -3*r + 7 = h - 8. Let w(b) = -4 - r - 2*b + 3*b. Calculate w(5).
-3
Suppose 4*a + 2*a - 12 = 0. Let d(m) = -48 + 2*m**a - 6*m + 44 + m**3 - 6*m**2. Let b = 16 - 11. Calculate d(b).
-9
Let r(w) = -7*w**2 + 2*w - 8. Let h(f) = 8*f**2 - 3*f + 9. Let y(m) = -6*h(m) - 7*r(m). Let a be y(-4). Let q(k) = 2 - 1 - a*k - k. Calculate q(1).
-2
Let h(m) be the second derivative of -3*m**5/4 + m**4/12 + 7*m - 4. Determine h(1).
-14
Let j(n) be the second derivative of -3*n**5/20 - n**4/6 + 9*n. Give j(-2).
16
Let p(w) = -w**2 + 8*w - 2. Let a(l) be the third derivative of -l**4/24 + 2*l**2. Let i(r) = 3*a(r) + p(r). Determine i(3).
4
Let k(j) = -j + 2. Suppose 3*o + 7*p - 11 = 2*p, 3*o = 4*p - 25. Let a = o - -5. What is k(a)?
0
Suppose -s = -4*s - 2*a - 5, -4*a - 19 = -3*s. Let f = s - -5. Let j(n) = n**2 - 6*n + 2. Give j(f).
2
Let c(o) be the third derivative of o**5/60 - o**3/2 + 7*o**2. What is c(3)?
6
Let v(o) = o**3 - 5*o**2 - 3*o + 4. Let c be (20/(-30))/(2/39). Let t = c + 18. Calculate v(t).
-11
Let v be -1*(2 + -2 + -2). Let m(c) = 3*c - 3*c - c - 5*c**v + c**3 + 3*c + 5. Calculate m(4).
-3
Let h(n) be the first derivative of n**2 - 6*n + 2. Determine h(4).
2
Let d(l) = -16*l + 8*l + 9*l + 1. Calculate d(-8).
-7
Let b(a) = a. Let r be b(2). Let d(n) = -r*n + 6 - 2*n + 3*n. Suppose 4*g - 2*m + 12 - 2 = 0, -g + 5*m = 25. What is d(g)?
6
Let w(m) = -5*m + 1. Let s(z) = -11*z + 1. Let p(g) = -4*s(g) + 9*w(g). Determine p(6).
-1
Suppose 26 - 2 = 6*y. Let a(v) be the third derivative of 0 - 1/60*v**5 + v**2 - 1/4*v**y - v**3 + 0*v. What is a(-5)?
-1
Let r(p) = -2*p - 4*p + 3*p - 1. Let d be ((-35)/(-20))/(2/24). Let k = d + -24. What is r(k)?
8
Let q(u) = u**2 - u - 7. Suppose 0 = 3*o - 5*b + 15, -8*o + 4*o + 2*b = 6. Give q(o).
-7
Let j be 2/4*10 - 1. Let a(i) be the second derivative of 1/2*i**2 + 0 - 1/2*i**3 + 1/12*i**4 + i. Calculate a(j).
5
Let j be 4/1 - (-4)/4. Let z(n) = n**3 - 5*n**2 + 2*n - 6. Let v(g) = -g**3 + 5*g**2 - 2*g + 6. Let f(c) = -4*v(c) - 5*z(c). Determine f(j).
-4
Suppose 0 = -2*u + 7 - 3. Suppose -10 = -2*w, w - u = -2*c + 3. Let r(p) = -p**3 - p - 10. Let f(l) = 1. Let z(h) = 5*f(h) + r(h). Calculate z(c).
-5
Let y(k) = 2*k - 3*k + 2 - 1. Suppose 20*n - 18*n + 5*w = -15, 4*n - 5*w = 45. What is y(n)?
-4
Let x(s) be the second derivative of -s**3/2 + s**2/2 + s. Let i(b) = -b**3 + 11*b**2 - b + 9. Suppose 44 = -l + 5*l. Let d be i(l). Give x(d).
7
Let t(h) = -h**3 - h - 1. Let k(n) = -7*n**3 + 9*n**2 - 15*n - 16. Let s(w) = -k(w) + 6*t(w). Give s(8).
18
Let s(c) = c**2 + 6*c. Let l(g) = g**3 - 6*g**2 + 6*g - 3. Let t be l(5). Let o be 3/(7 + -1)*t. Let p be (-4 - -6)/(o/(-3)). Give s(p).
0
Let w(s) = 5*s**3 + 5*s**2 + 2*s + 5. Let k(m) = 10*m**3 + 9*m**2 + 3*m + 9. Let o(g) = 4*k(g) - 7*w(g). Determine o(1).
5
Let m(d) be the second derivative of d**3/6 - 5*d**2/2 - 8*d. Calculate m(4).
-1
Let w(g) be the first derivative of -5/3*g**3 - 1/4*g**4 + 5*g - 1 - 3/2*g**2. Determine w(-4).
1
Let p be 28/(-6) + 26/(-78). Let s(m) = -2*m**2 - 2 + 3*m**2 + 0*m**2 + 3*m. Give s(p).
8
Let d(z) = -7*z + 11. Let x(s) = -10*s + 16. Let p(l) = -7*d(l) + 5*x(l). Let w(h) = 5*h**2. Let n be w(-1). Give p(n).
-2
Let t(j) be the second derivative of -2*j**5/5 - j**4/6 - j**3/6 - 2*j. Let o be t(-1). Let p(r) = -3*r**2 - 2*r**2 - r**3 + o*r + 9*r**2 - 4. Give p(5).
6
Let y be 4*(-2 - (1 + -2)). Let b(l) = -l**2 - 5*l + 2. What is b(y)?
6
Let y(t) = t**2 + 3*t - 8. Let q be (-128)/20 - (-10)/25. What is y(q)?
10
Let o(f) = 5*f - f - 2*f - 1. Calculate o(-5).
-11
Suppose 0 = -2*p + p + 4. Let j(q) = -q**2 + 3 + 0 - 6*q + 7*q. Determine j(p).
-9
Suppose 2*t - 5*l = 3, 2*t - 3*t - 1 = -5*l. Suppose 5*v - 27 = w, t*w - w - 5*v = -31. Let h(f) be the third derivative of f**6/120 - 2*f**2. What is h(w)?
-8
Let s(t) be the second derivative of -4/3*t**3 + 3/4*t**4 + 0 - 3/2*t**2 - 1/20*t**5 + 2*t. Let n be s(8). Let y(p) = p**2 + 3*p - 1. Calculate y(n).
-1
Let c(z) be the first derivative of -z**4/2 - z**2 - z + 11. What is c(-1)?
3
Let q(c) = c**3 - 7*c**2 + 7*c. Let k be q(6). Let h(b) = -2*b - 4*b - 209*b**2 + 210*b**2. Calculate h(k).
0
Let g = 5 + -8. Let v(z) = -23*z - 29. Suppose -3 = -l - 9. Let o(r) = -4*r - 5. Let f(x) = l*v(x) + 34*o(x). Give f(g).
-2
Let z = 8 - 15. Let a(q) = 5*q**3 - 5*q**2 - 5*q + 6. Let s(v) = 6*v**3 - 5*v**2 - 6*v + 7. Let f(w) = z*a(w) + 6*s(w). Let r = 42 + -47. Calculate f(r).
5
Let o(c) = 5 - 18*c**3 + 2*c + 17*c**3 - 2 + 2*c**2 - 9*c**2. Determine o(-7).
-11
Let v(z) = -z + 9. Suppose 3*i + 35 = 5*j, -5*j + 2*i + 10 + 25 = 0. Let c be v(j)